{"id":284,"date":"2022-07-27T17:07:40","date_gmt":"2022-07-27T14:07:40","guid":{"rendered":"https:\/\/dortdivan.net\/?page_id=284"},"modified":"2022-07-27T17:07:40","modified_gmt":"2022-07-27T14:07:40","slug":"manzara","status":"publish","type":"page","link":"https:\/\/dortdivan.net\/?page_id=284","title":{"rendered":"Manzara"},"content":{"rendered":"<!-- default-view.php -->\n<div\n\tclass=\"ngg-galleryoverview default-view \"\n\tid=\"ngg-gallery-5cf02510cfaca2853ca125febb2827f3-1\">\n\n\t\t<!-- Thumbnails -->\n\t\t\t\t<div id=\"ngg-image-0\" class=\"ngg-gallery-thumbnail-box \" >\n\t\t\t\t        <div class=\"ngg-gallery-thumbnail\">\n            <a href=\"https:\/\/dortdivan.net\/wp-content\/gallery\/genel\/WhatsApp-Image-2022-07-22-at-18.01.00.jpeg\"\n               title=\"G\u00f6l Yayla\"\n               data-src=\"https:\/\/dortdivan.net\/wp-content\/gallery\/genel\/WhatsApp-Image-2022-07-22-at-18.01.00.jpeg\"\n               data-thumbnail=\"https:\/\/dortdivan.net\/wp-content\/gallery\/genel\/thumbs\/thumbs_WhatsApp-Image-2022-07-22-at-18.01.00.jpeg\"\n               data-image-id=\"1\"\n               data-title=\"WhatsApp-Image-2022-07-22-at-18.01.00\"\n               data-description=\"G\u00f6l Yayla\"\n               data-image-slug=\"whatsapp-image-2022-07-22-at-18-01-00\"\n               class=\"ngg-simplelightbox\" rel=\"5cf02510cfaca2853ca125febb2827f3\">\n                <img\n                    title=\"WhatsApp-Image-2022-07-22-at-18.01.00\"\n                    alt=\"WhatsApp-Image-2022-07-22-at-18.01.00\"\n                    src=\"https:\/\/dortdivan.net\/wp-content\/gallery\/genel\/thumbs\/thumbs_WhatsApp-Image-2022-07-22-at-18.01.00.jpeg\"\n                    width=\"240\"\n                    height=\"160\"\n                    style=\"max-width:100%;\"\n                \/>\n            <\/a>\n        <\/div>\n\t\t\t\t\t\t\t<\/div> \n\t\t\t\n\t\t\t\t<div id=\"ngg-image-1\" class=\"ngg-gallery-thumbnail-box \" >\n\t\t\t\t        <div class=\"ngg-gallery-thumbnail\">\n            <a href=\"https:\/\/dortdivan.net\/wp-content\/gallery\/genel\/WhatsApp-Image-2022-07-22-at-18.38.19.jpeg\"\n               title=\"Gelincikler\"\n               data-src=\"https:\/\/dortdivan.net\/wp-content\/gallery\/genel\/WhatsApp-Image-2022-07-22-at-18.38.19.jpeg\"\n               data-thumbnail=\"https:\/\/dortdivan.net\/wp-content\/gallery\/genel\/thumbs\/thumbs_WhatsApp-Image-2022-07-22-at-18.38.19.jpeg\"\n               data-image-id=\"2\"\n               data-title=\"WhatsApp-Image-2022-07-22-at-18.38.19\"\n               data-description=\"Gelincikler\"\n               data-image-slug=\"whatsapp-image-2022-07-22-at-18-38-19\"\n               class=\"ngg-simplelightbox\" rel=\"5cf02510cfaca2853ca125febb2827f3\">\n                <img\n                    title=\"WhatsApp-Image-2022-07-22-at-18.38.19\"\n                    alt=\"WhatsApp-Image-2022-07-22-at-18.38.19\"\n                    src=\"https:\/\/dortdivan.net\/wp-content\/gallery\/genel\/thumbs\/thumbs_WhatsApp-Image-2022-07-22-at-18.38.19.jpeg\"\n                    width=\"240\"\n                    height=\"160\"\n                    style=\"max-width:100%;\"\n                \/>\n            <\/a>\n        <\/div>\n\t\t\t\t\t\t\t<\/div> \n\t\t\t\n\t\t\t\t<div id=\"ngg-image-2\" class=\"ngg-gallery-thumbnail-box \" >\n\t\t\t\t        <div class=\"ngg-gallery-thumbnail\">\n            <a href=\"https:\/\/dortdivan.net\/wp-content\/gallery\/genel\/WhatsApp-Image-2022-05-21-at-13.31.541.jpeg\"\n               title=\"Depeg\u00f6lc\u00fck 1\"\n               data-src=\"https:\/\/dortdivan.net\/wp-content\/gallery\/genel\/WhatsApp-Image-2022-05-21-at-13.31.541.jpeg\"\n               data-thumbnail=\"https:\/\/dortdivan.net\/wp-content\/gallery\/genel\/thumbs\/thumbs_WhatsApp-Image-2022-05-21-at-13.31.541.jpeg\"\n               data-image-id=\"4\"\n               data-title=\"WhatsApp-Image-2022-05-21-at-13.31.541\"\n               data-description=\"Depeg\u00f6lc\u00fck 1\"\n               data-image-slug=\"whatsapp-image-2022-05-21-at-13-31-541\"\n               class=\"ngg-simplelightbox\" rel=\"5cf02510cfaca2853ca125febb2827f3\">\n                <img\n                    title=\"WhatsApp-Image-2022-05-21-at-13.31.541\"\n                    alt=\"WhatsApp-Image-2022-05-21-at-13.31.541\"\n                    src=\"https:\/\/dortdivan.net\/wp-content\/gallery\/genel\/thumbs\/thumbs_WhatsApp-Image-2022-05-21-at-13.31.541.jpeg\"\n                    width=\"240\"\n                    height=\"160\"\n                    style=\"max-width:100%;\"\n                \/>\n            <\/a>\n        <\/div>\n\t\t\t\t\t\t\t<\/div> \n\t\t\t\n\t\t\t\t<div id=\"ngg-image-3\" class=\"ngg-gallery-thumbnail-box \" >\n\t\t\t\t        <div class=\"ngg-gallery-thumbnail\">\n            <a href=\"https:\/\/dortdivan.net\/wp-content\/gallery\/genel\/WhatsApp-Image-2022-05-24-at-23.01.051.jpeg\"\n               title=\"Depeg\u00f6lc\u00fck 2\"\n               data-src=\"https:\/\/dortdivan.net\/wp-content\/gallery\/genel\/WhatsApp-Image-2022-05-24-at-23.01.051.jpeg\"\n               data-thumbnail=\"https:\/\/dortdivan.net\/wp-content\/gallery\/genel\/thumbs\/thumbs_WhatsApp-Image-2022-05-24-at-23.01.051.jpeg\"\n               data-image-id=\"5\"\n               data-title=\"WhatsApp-Image-2022-05-24-at-23.01.051\"\n               data-description=\"Depeg\u00f6lc\u00fck 2\"\n               data-image-slug=\"whatsapp-image-2022-05-24-at-23-01-051\"\n               class=\"ngg-simplelightbox\" rel=\"5cf02510cfaca2853ca125febb2827f3\">\n                <img\n                    title=\"WhatsApp-Image-2022-05-24-at-23.01.051\"\n                    alt=\"WhatsApp-Image-2022-05-24-at-23.01.051\"\n                    src=\"https:\/\/dortdivan.net\/wp-content\/gallery\/genel\/thumbs\/thumbs_WhatsApp-Image-2022-05-24-at-23.01.051.jpeg\"\n                    width=\"240\"\n                    height=\"160\"\n                    style=\"max-width:100%;\"\n                \/>\n            <\/a>\n        <\/div>\n\t\t\t\t\t\t\t<\/div> \n\t\t\t\n\t\t\t\t<div id=\"ngg-image-4\" class=\"ngg-gallery-thumbnail-box \" >\n\t\t\t\t        <div class=\"ngg-gallery-thumbnail\">\n            <a href=\"https:\/\/dortdivan.net\/wp-content\/gallery\/genel\/WhatsApp-Image-2022-07-25-at-21.27.23.jpeg\"\n               title=\"\"\n               data-src=\"https:\/\/dortdivan.net\/wp-content\/gallery\/genel\/WhatsApp-Image-2022-07-25-at-21.27.23.jpeg\"\n               data-thumbnail=\"https:\/\/dortdivan.net\/wp-content\/gallery\/genel\/thumbs\/thumbs_WhatsApp-Image-2022-07-25-at-21.27.23.jpeg\"\n               data-image-id=\"13\"\n               data-title=\"WhatsApp-Image-2022-07-25-at-21.27.23\"\n               data-description=\"\"\n               data-image-slug=\"whatsapp-image-2022-07-25-at-21-27-23\"\n               class=\"ngg-simplelightbox\" rel=\"5cf02510cfaca2853ca125febb2827f3\">\n                <img\n                    title=\"WhatsApp-Image-2022-07-25-at-21.27.23\"\n                    alt=\"WhatsApp-Image-2022-07-25-at-21.27.23\"\n                    src=\"https:\/\/dortdivan.net\/wp-content\/gallery\/genel\/thumbs\/thumbs_WhatsApp-Image-2022-07-25-at-21.27.23.jpeg\"\n                    width=\"240\"\n                    height=\"160\"\n                    style=\"max-width:100%;\"\n                \/>\n            <\/a>\n        <\/div>\n\t\t\t\t\t\t\t<\/div> \n\t\t\t\n\t\t\t\t<div id=\"ngg-image-5\" class=\"ngg-gallery-thumbnail-box \" >\n\t\t\t\t        <div class=\"ngg-gallery-thumbnail\">\n            <a href=\"https:\/\/dortdivan.net\/wp-content\/gallery\/genel\/WhatsApp-Image-2022-07-25-at-21.27.25.jpeg\"\n               title=\"\"\n               data-src=\"https:\/\/dortdivan.net\/wp-content\/gallery\/genel\/WhatsApp-Image-2022-07-25-at-21.27.25.jpeg\"\n               data-thumbnail=\"https:\/\/dortdivan.net\/wp-content\/gallery\/genel\/thumbs\/thumbs_WhatsApp-Image-2022-07-25-at-21.27.25.jpeg\"\n               data-image-id=\"17\"\n               data-title=\"WhatsApp-Image-2022-07-25-at-21.27.25\"\n               data-description=\"\"\n               data-image-slug=\"whatsapp-image-2022-07-25-at-21-27-25\"\n               class=\"ngg-simplelightbox\" rel=\"5cf02510cfaca2853ca125febb2827f3\">\n                <img\n                    title=\"WhatsApp-Image-2022-07-25-at-21.27.25\"\n                    alt=\"WhatsApp-Image-2022-07-25-at-21.27.25\"\n                    src=\"https:\/\/dortdivan.net\/wp-content\/gallery\/genel\/thumbs\/thumbs_WhatsApp-Image-2022-07-25-at-21.27.25.jpeg\"\n                    width=\"240\"\n                    height=\"160\"\n                    style=\"max-width:100%;\"\n                \/>\n            <\/a>\n        <\/div>\n\t\t\t\t\t\t\t<\/div> \n\t\t\t\n\t\t\t\t<div id=\"ngg-image-6\" class=\"ngg-gallery-thumbnail-box \" >\n\t\t\t\t        <div class=\"ngg-gallery-thumbnail\">\n            <a href=\"https:\/\/dortdivan.net\/wp-content\/gallery\/genel\/WhatsApp-Image-2022-07-25-at-21.27.27-2.jpeg\"\n               title=\"\"\n               data-src=\"https:\/\/dortdivan.net\/wp-content\/gallery\/genel\/WhatsApp-Image-2022-07-25-at-21.27.27-2.jpeg\"\n               data-thumbnail=\"https:\/\/dortdivan.net\/wp-content\/gallery\/genel\/thumbs\/thumbs_WhatsApp-Image-2022-07-25-at-21.27.27-2.jpeg\"\n               data-image-id=\"21\"\n               data-title=\"WhatsApp-Image-2022-07-25-at-21.27.27-2\"\n               data-description=\"\"\n               data-image-slug=\"whatsapp-image-2022-07-25-at-21-27-27-2\"\n               class=\"ngg-simplelightbox\" rel=\"5cf02510cfaca2853ca125febb2827f3\">\n                <img\n                    title=\"WhatsApp-Image-2022-07-25-at-21.27.27-2\"\n                    alt=\"WhatsApp-Image-2022-07-25-at-21.27.27-2\"\n                    src=\"https:\/\/dortdivan.net\/wp-content\/gallery\/genel\/thumbs\/thumbs_WhatsApp-Image-2022-07-25-at-21.27.27-2.jpeg\"\n                    width=\"240\"\n                    height=\"160\"\n                    style=\"max-width:100%;\"\n                \/>\n            <\/a>\n        <\/div>\n\t\t\t\t\t\t\t<\/div> \n\t\t\t\n\t\t\t\t<div id=\"ngg-image-7\" class=\"ngg-gallery-thumbnail-box \" >\n\t\t\t\t        <div class=\"ngg-gallery-thumbnail\">\n            <a href=\"https:\/\/dortdivan.net\/wp-content\/gallery\/genel\/WhatsApp-Image-2022-07-25-at-21.27.29.jpeg\"\n               title=\"\"\n               data-src=\"https:\/\/dortdivan.net\/wp-content\/gallery\/genel\/WhatsApp-Image-2022-07-25-at-21.27.29.jpeg\"\n               data-thumbnail=\"https:\/\/dortdivan.net\/wp-content\/gallery\/genel\/thumbs\/thumbs_WhatsApp-Image-2022-07-25-at-21.27.29.jpeg\"\n               data-image-id=\"31\"\n               data-title=\"WhatsApp-Image-2022-07-25-at-21.27.29\"\n               data-description=\"\"\n               data-image-slug=\"whatsapp-image-2022-07-25-at-21-27-29\"\n               class=\"ngg-simplelightbox\" rel=\"5cf02510cfaca2853ca125febb2827f3\">\n                <img\n                    title=\"WhatsApp-Image-2022-07-25-at-21.27.29\"\n                    alt=\"WhatsApp-Image-2022-07-25-at-21.27.29\"\n                    src=\"https:\/\/dortdivan.net\/wp-content\/gallery\/genel\/thumbs\/thumbs_WhatsApp-Image-2022-07-25-at-21.27.29.jpeg\"\n                    width=\"240\"\n                    height=\"160\"\n                    style=\"max-width:100%;\"\n                \/>\n            <\/a>\n        <\/div>\n\t\t\t\t\t\t\t<\/div> \n\t\t\t\n\t\t\t\t<div id=\"ngg-image-8\" class=\"ngg-gallery-thumbnail-box \" >\n\t\t\t\t        <div class=\"ngg-gallery-thumbnail\">\n            <a href=\"https:\/\/dortdivan.net\/wp-content\/gallery\/genel\/WhatsApp-Image-2022-07-25-at-21.27.31.jpeg\"\n               title=\"\"\n               data-src=\"https:\/\/dortdivan.net\/wp-content\/gallery\/genel\/WhatsApp-Image-2022-07-25-at-21.27.31.jpeg\"\n               data-thumbnail=\"https:\/\/dortdivan.net\/wp-content\/gallery\/genel\/thumbs\/thumbs_WhatsApp-Image-2022-07-25-at-21.27.31.jpeg\"\n               data-image-id=\"37\"\n               data-title=\"WhatsApp-Image-2022-07-25-at-21.27.31\"\n               data-description=\"\"\n               data-image-slug=\"whatsapp-image-2022-07-25-at-21-27-31\"\n               class=\"ngg-simplelightbox\" rel=\"5cf02510cfaca2853ca125febb2827f3\">\n                <img\n                    title=\"WhatsApp-Image-2022-07-25-at-21.27.31\"\n                    alt=\"WhatsApp-Image-2022-07-25-at-21.27.31\"\n                    src=\"https:\/\/dortdivan.net\/wp-content\/gallery\/genel\/thumbs\/thumbs_WhatsApp-Image-2022-07-25-at-21.27.31.jpeg\"\n                    width=\"240\"\n                    height=\"160\"\n                    style=\"max-width:100%;\"\n                \/>\n            <\/a>\n        <\/div>\n\t\t\t\t\t\t\t<\/div> \n\t\t\t\n\t\t\t\t<div id=\"ngg-image-9\" class=\"ngg-gallery-thumbnail-box \" >\n\t\t\t\t        <div class=\"ngg-gallery-thumbnail\">\n            <a href=\"https:\/\/dortdivan.net\/wp-content\/gallery\/genel\/WhatsApp-Image-2022-07-25-at-21.27.22-1.jpeg\"\n               title=\"\"\n               data-src=\"https:\/\/dortdivan.net\/wp-content\/gallery\/genel\/WhatsApp-Image-2022-07-25-at-21.27.22-1.jpeg\"\n               data-thumbnail=\"https:\/\/dortdivan.net\/wp-content\/gallery\/genel\/thumbs\/thumbs_WhatsApp-Image-2022-07-25-at-21.27.22-1.jpeg\"\n               data-image-id=\"177\"\n               data-title=\"WhatsApp-Image-2022-07-25-at-21.27.22-1\"\n               data-description=\"\"\n               data-image-slug=\"whatsapp-image-2022-07-25-at-21-27-22-1\"\n               class=\"ngg-simplelightbox\" rel=\"5cf02510cfaca2853ca125febb2827f3\">\n                <img\n                    title=\"WhatsApp-Image-2022-07-25-at-21.27.22-1\"\n                    alt=\"WhatsApp-Image-2022-07-25-at-21.27.22-1\"\n                    src=\"https:\/\/dortdivan.net\/wp-content\/gallery\/genel\/thumbs\/thumbs_WhatsApp-Image-2022-07-25-at-21.27.22-1.jpeg\"\n                    width=\"240\"\n                    height=\"160\"\n                    style=\"max-width:100%;\"\n                \/>\n            <\/a>\n        <\/div>\n\t\t\t\t\t\t\t<\/div> \n\t\t\t\n\t\n\t<br style=\"clear: both\" \/>\n\n\t\n\t\t<!-- Pagination -->\n\t<div class='ngg-clear'><\/div>\t<\/div>\n\n","protected":false},"excerpt":{"rendered":"","protected":false},"author":1,"featured_media":0,"parent":0,"menu_order":0,"comment_status":"closed","ping_status":"closed","template":"template-gutentor-full-width.php","meta":{"ngg_post_thumbnail":0,"footnotes":""},"class_list":["post-284","page","type-page","status-publish","hentry"],"yoast_head":"<!-- This site is optimized with the Yoast SEO plugin v19.3 - https:\/\/yoast.com\/wordpress\/plugins\/seo\/ -->\r\n<title>Manzara - Dortdivan.Net<\/title>\r\n<meta name=\"robots\" content=\"index, follow, max-snippet:-1, max-image-preview:large, max-video-preview:-1\" \/>\r\n<link rel=\"canonical\" href=\"https:\/\/dortdivan.net\/?page_id=284\" \/>\r\n<meta property=\"og:locale\" content=\"tr_TR\" \/>\r\n<meta property=\"og:type\" content=\"article\" \/>\r\n<meta property=\"og:title\" content=\"Manzara - Dortdivan.Net\" \/>\r\n<meta property=\"og:url\" content=\"https:\/\/dortdivan.net\/?page_id=284\" \/>\r\n<meta property=\"og:site_name\" content=\"Dortdivan.Net\" \/>\r\n<meta name=\"twitter:card\" content=\"summary_large_image\" \/>\r\n<meta name=\"twitter:label1\" content=\"Tahmini okuma s\u00fcresi\" \/>\n\t<meta name=\"twitter:data1\" content=\"1 dakika\" \/>\r\n<script type=\"application\/ld+json\" class=\"yoast-schema-graph\">{\"@context\":\"https:\/\/schema.org\",\"@graph\":[{\"@type\":\"WebSite\",\"@id\":\"https:\/\/dortdivan.net\/#website\",\"url\":\"https:\/\/dortdivan.net\/\",\"name\":\"Dortdivan.Net\",\"description\":\"G\u00fczel \u0130l\u00e7em...\",\"potentialAction\":[{\"@type\":\"SearchAction\",\"target\":{\"@type\":\"EntryPoint\",\"urlTemplate\":\"https:\/\/dortdivan.net\/?s={search_term_string}\"},\"query-input\":\"required name=search_term_string\"}],\"inLanguage\":\"tr\"},{\"@type\":\"WebPage\",\"@id\":\"https:\/\/dortdivan.net\/?page_id=284\",\"url\":\"https:\/\/dortdivan.net\/?page_id=284\",\"name\":\"Manzara - Dortdivan.Net\",\"isPartOf\":{\"@id\":\"https:\/\/dortdivan.net\/#website\"},\"datePublished\":\"2022-07-27T14:07:40+00:00\",\"dateModified\":\"2022-07-27T14:07:40+00:00\",\"breadcrumb\":{\"@id\":\"https:\/\/dortdivan.net\/?page_id=284#breadcrumb\"},\"inLanguage\":\"tr\",\"potentialAction\":[{\"@type\":\"ReadAction\",\"target\":[\"https:\/\/dortdivan.net\/?page_id=284\"]}]},{\"@type\":\"BreadcrumbList\",\"@id\":\"https:\/\/dortdivan.net\/?page_id=284#breadcrumb\",\"itemListElement\":[{\"@type\":\"ListItem\",\"position\":1,\"name\":\"Anasayfa\",\"item\":\"https:\/\/dortdivan.net\/\"},{\"@type\":\"ListItem\",\"position\":2,\"name\":\"Manzara\"}]}]}<\/script>\r\n<!-- \/ Yoast SEO plugin. -->","yoast_head_json":{"title":"Manzara - Dortdivan.Net","robots":{"index":"index","follow":"follow","max-snippet":"max-snippet:-1","max-image-preview":"max-image-preview:large","max-video-preview":"max-video-preview:-1"},"canonical":"https:\/\/dortdivan.net\/?page_id=284","og_locale":"tr_TR","og_type":"article","og_title":"Manzara - Dortdivan.Net","og_url":"https:\/\/dortdivan.net\/?page_id=284","og_site_name":"Dortdivan.Net","twitter_card":"summary_large_image","twitter_misc":{"Tahmini okuma s\u00fcresi":"1 dakika"},"schema":{"@context":"https:\/\/schema.org","@graph":[{"@type":"WebSite","@id":"https:\/\/dortdivan.net\/#website","url":"https:\/\/dortdivan.net\/","name":"Dortdivan.Net","description":"G\u00fczel \u0130l\u00e7em...","potentialAction":[{"@type":"SearchAction","target":{"@type":"EntryPoint","urlTemplate":"https:\/\/dortdivan.net\/?s={search_term_string}"},"query-input":"required name=search_term_string"}],"inLanguage":"tr"},{"@type":"WebPage","@id":"https:\/\/dortdivan.net\/?page_id=284","url":"https:\/\/dortdivan.net\/?page_id=284","name":"Manzara - Dortdivan.Net","isPartOf":{"@id":"https:\/\/dortdivan.net\/#website"},"datePublished":"2022-07-27T14:07:40+00:00","dateModified":"2022-07-27T14:07:40+00:00","breadcrumb":{"@id":"https:\/\/dortdivan.net\/?page_id=284#breadcrumb"},"inLanguage":"tr","potentialAction":[{"@type":"ReadAction","target":["https:\/\/dortdivan.net\/?page_id=284"]}]},{"@type":"BreadcrumbList","@id":"https:\/\/dortdivan.net\/?page_id=284#breadcrumb","itemListElement":[{"@type":"ListItem","position":1,"name":"Anasayfa","item":"https:\/\/dortdivan.net\/"},{"@type":"ListItem","position":2,"name":"Manzara"}]}]}},"_links":{"self":[{"href":"https:\/\/dortdivan.net\/index.php?rest_route=\/wp\/v2\/pages\/284","targetHints":{"allow":["GET"]}}],"collection":[{"href":"https:\/\/dortdivan.net\/index.php?rest_route=\/wp\/v2\/pages"}],"about":[{"href":"https:\/\/dortdivan.net\/index.php?rest_route=\/wp\/v2\/types\/page"}],"author":[{"embeddable":true,"href":"https:\/\/dortdivan.net\/index.php?rest_route=\/wp\/v2\/users\/1"}],"replies":[{"embeddable":true,"href":"https:\/\/dortdivan.net\/index.php?rest_route=%2Fwp%2Fv2%2Fcomments&post=284"}],"version-history":[{"count":1,"href":"https:\/\/dortdivan.net\/index.php?rest_route=\/wp\/v2\/pages\/284\/revisions"}],"predecessor-version":[{"id":285,"href":"https:\/\/dortdivan.net\/index.php?rest_route=\/wp\/v2\/pages\/284\/revisions\/285"}],"wp:attachment":[{"href":"https:\/\/dortdivan.net\/index.php?rest_route=%2Fwp%2Fv2%2Fmedia&parent=284"}],"curies":[{"name":"wp","href":"https:\/\/api.w.org\/{rel}","templated":true}]}}